7.
-61
What is 5 (base 8) in base 14?
5
What is -1000 (base 2) in base 13?
-8
-156 (base 14) to base 16
-110
-38 (base 9) to base 16
-23
6c (base 14) to base 2
1100000
Convert 3 (base 7) to base 9.
3
Convert 110 (base 3) to base 13.
c
Convert -31 (base 6) to base 14.
-15
What is -132 (base 5) in base 2?
-101010
Convert -13 (base 15) to base 4.
-102
What is -1 (base 9) in base 5?
-1
Convert 14 (base 7) to base 6.
15
What is -8 (base 12) in base 10?
-8
Convert 0 (base 13) to base 3.
0
Convert 45 (base 15) to base 11.
5a
What is 10000 (base 2) in base 13?
13
Convert -10111 (base 2) to base 14.
-19
Convert 33 (base 13) to base 11.
39
Convert -43 (base 10) to base 12.
-37
Convert -210 (base 6) to base 13.
-60
10 (base 4) to base 13
4
10 (base 7) to base 4
13
Convert -2 (base 6) to base 3.
-2
Convert -1e (base 15) to base 10.
-29
Convert 20 (base 3) to base 11.
6
What is 2 (base 15) in base 6?
2
7 (base 10) to base 4
13
What is 11 (base 4) in base 16?
5
Convert 52 (base 8) to base 14.
30
What is 12 (base 5) in base 7?
10
Convert 1 (base 13) to base 10.
1
-12 (base 6) to base 2
-1000
What is -104 (base 5) in base 8?
-35
What is 2 (base 14) in base 9?
2
-64 (base 10) to base 11
-59
What is -10001 (base 2) in base 14?
-13
2 (base 3) to base 12
2
Convert 25 (base 12) to base 10.
29
1a (base 14) to base 4
120
Convert -22 (base 4) to base 8.
-12
Convert 27 (base 10) to base 12.
23
Convert 10233 (base 4) to base 5.
2203
21 (base 16) to base 14
25
1 (base 13) to base 10
1
Convert 162 (base 12) to base 2.
11011010
Convert 12 (base 5) to base 9.
7
-32 (base 10) to base 11
-2a
What is 3 (base 11) in base 9?
3
Convert 17 (base 16) to base 2.
10111
What is 0 (base 9) in base 2?
0
Convert -10 (base 7) to base 13.
-7
What is 7 (base 10) in base 13?
7
2 (base 16) to base 8
2
100110 (base 2) to base 7
53
-3 (base 6) to base 3
-10
Convert 3 (base 14) to base 13.
3
-1 (base 16) to base 8
-1
-1 (base 2) to base 9
-1
Convert -53 (base 7) to base 9.
-42
Convert 21 (base 4) to base 11.
9
What is -3 (base 10) in base 12?
-3
Convert -301 (base 4) to base 12.
-41
What is -6 (base 15) in base 4?
-12
Convert 3 (base 6) to base 11.
3
What is -22 (base 10) in base 7?
-31
What is -14 (base 5) in base 16?
-9
-45 (base 8) to base 5
-122
What is 6 (base 16) in base 3?
20
Convert -535 (base 7) to base 2.
-100001111
Convert 4 (base 6) to base 13.
4
What is 13 (base 6) in base 11?
9
What is 132 (base 9) in base 11?
a0
What is -230 (base 6) in base 7?
-156
Convert 0 (base 11) to base 3.
0
Convert -1010 (base 2) to base 7.
-13
What is 0 (base 11) in base 16?
0
3 (base 7) to base 16
3
What is -2a (base 11) in base 8?
-40
What is -23 (base 12) in base 6?
-43
2 (base 7) to base 11
2
What is -2 (base 15) in base 12?
-2
2 (base 13) to base 15
2
11 (base 14) to base 5
30
What is -205 (base 8) in base 7?
-250
10122 (base 3) to base 15
68
What is 1 (base 3) in base 16?
1
What is -501 (base 6) in base 16?
-b5
Convert -1300 (base 4) to base 3.
-11011
Convert 4 (base 8) to base 4.
10
What is 22 (base 9) in base 16?
14
What is -20 (base 4) in base 5?
-13
1 (base 3) to base 10
1
-11 (base 14) to base 11
-14
What is 2300 (base 4) in base 3?
20112
Convert 10 (base 5) to base 8.
5
-6 (base 11) to base 3
-20
What is -21 (base 9) in base 3?
-201
What is -100010 (base 2) in base 12?
-2a
11 (base 2) to base 12
3
Convert 3 (base 13) to base 10.
3
What is 5 (base 8) in base 6?
5
What is 216 (base 8) in base 12?
ba
What is 16 (base 10) in base 2?
10000
What is 3b (base 12) in base 13?
38
Convert -2 (base 12) to base 8.
-2
4 (base 8) to base 11
4
Convert 13 (base 8) to base 3.
102
Convert 27 (base 15) to base 6.
101
Convert -28 (base 10) to base 6.
-44
Convert -5 (base 8) to base 7.
-5
11000 (base 2) to base 12
20
-1001111 (base 2) to base 8
-117
16 (base 13) to base 10
19
Convert -b (base 13) to base 15.
-b
What is 75 (base 13) in base 16?
60
-8 (base 13) to base 5
-13
-3 (base 6) to base 13
-3
86 (base 10) to base 4
1112
Convert 1 (base 4) to base 7.
1
What is 28 (base 11) in base 13?
24
Convert -4 (base 7) to base 4.
-10
What is 123 (base 7) in base 6?
150
-1a (base 14) to base 4
-120
What is 1201 (base 4) in base 5?
342
-28 (base 9) to base 3
-222
-5 (base 11) to base 9
-5
1233 (base 4) to base 6
303
-23 (base 6) to base 14
-11
75 (base 8) to base 4
331
Convert -6 (base 7) to base 11.
-6
What is -1a (base 11) in base 12?
-19
What is -444 (base 6) in base 5?
-1142
Convert 100 (base 2) to base 4.
10
What is 0 (base 9) in base 11?
0
What is 32 (base 12) in base 6?
102
Convert -12 (base 6) to base 13.
-8
-10100 (base 2) to base 4
-110
1113 (base 5) to base 14
b4
Convert 17 (base 9) to base 8.
20
Convert 0 (base 9) to base 3.
0
Convert 4 (base 13) to base 5.
4
Convert -332 (base 4) to base 14.
-46
What is -95 (base 10) in base 16?
-5f
-14 (base 12) to base 11
-15
-3 (base 8) to base 10
-3
What is 13 (base 14) in base 12?
15
What is -1 (base 16) in base 13?
-1
Convert -125 (base 6) to base 12.
-45
What is 110201 (base 3) in base 2?
101010111
What is 266 (base 7) in base 12?
102
What is -3 (base 6) in base 4?
-3
Convert 100 (base 2) to base 11.
4
What is 22 (base 15) in base 14?
24
What is -22 (base 9) in base 7?
-26
Convert -2 (base 8) to base 11.
-2
What is 4 (base 9) in base 10?
4
Convert 14 (base 13) to base 3.
122
20 (base 13) to base 3
222
What is ae (base 16) in base 6?
450
Convert 13 (base 4) to base 14.
7
b (base 13) to base 3
102
-9 (base 14) to base 6
-13
-1 (base 7) to base 5
-1
What is 1 (base 6) in base 2?
1
What is -1 (base 9) in base 13?
-1
-1 (base 15) to base 11
-1
-15 (base 8) to base 16
-d
-28 (base 12) to base 16
-20
Convert -2 (base 7) to base 11.
-2
Convert 0 (base 16) to base 9.
0
-2 (base 4) to base 3
-2
Convert -101 (base 2) to base 8.
-5
Convert 12 (base 3) to base 4.
11
Convert -2 (base 3) to base 9.
-2
What is cc (base 16) in base 6?
540
Convert e (base 16) to base 14.
10
-8 (base 14) to base 11
-8
Convert 3 (base 9) to base 4.
3
What is 17 (base 12) in base 7?
25
Convert 100100001 (base 2) to base 3.
101201
-20122 (base 3) to base 4
-2303
What is 2 (base 13) in base 6?
2
Convert -1200 (base 3) to base 7.
-63
-32 (base 8) to base 2
-11010
-255 (base 6) to base 8
-153
What is -4 (base 9) in base 15?
-4
Convert 1 (base 15) to base 2.
1
Convert 3 (base 12) to base 10.
3
Convert 10010 (base 2) to base 10.
18
-2a4 (base 11) to base 10
-356
What is 4 (base 14) in base 6?
4
What is -12 (base 8) in base 2?
-1010
1223 (base 6) to base 2
100101111
81 (base 9) to base 3
2201
1 (base 11) to base 8
1
3 (base 15) to base 8
3
Convert -1 (base 12) to base 14.
-1
Convert 14 (base 12) to base 9.
17
What is 3 (base 5) in base 12?
3
Convert -10001 (base 2) to base 13.
-14
What is 111 (base 11) in base 8?
205
Convert -6a (base 14) to base 5.
-334
Convert 100 (base 2) to base 8.
4
What is 35 (base 9) in base 14?
24
What is 6 (base 10) in base 6?
10
What is 13 (base 14) in base 15?
12
Convert 27 (base 11) to base 3.
1002
What is -5 (base 7) in base 12?
-5
Convert 56 (base 12) to base 13.
51
What is 1 (base 5) in base 6?
1
Convert 1010 (base 2) to base 16.
a
What is -62 (base 11) in base 6?
-152
2 (base 3) to base 14
2
What is -101 (base 3) in base 2?
-1010
What is 32 (base 5) in base 11?
16
Convert -2 (base 10) to base 13.
-2
What is -314 (base 7) in base 14?
-b4
What is -1102 (base 3) in base 9?
-42
Convert 52 (base 8) to base 11.
39
Convert -21 (base 14) to base 5.
-104
Convert -41 (base 15) to base 9.
-67
What is -10 (base 6) in base 4?
-12
9 (base 11) to base 16
9
What is 1f (base 16) in base 10?
31
Convert -11 (base 4) to base 9.
-5
-134 (base 12) to base 8
-270
What is -110 (base 4) in base 12?
-18
-10011 (base 2) to base 12
-17
Convert -52 (base 11) to base 7.
-111
-14 (base 5) to base 14
-9
Convert 110 (base 3) to base 9.
13
114 (base 5) to base 11
31
What is 11 (base 2) in base 16?
3
What is -18 (base 15) in base 10?
-23
-111100 (base 3) to base 9
-440
-7f (base 16) to base 15
-87
What is -10 (base 8) in base 7?
-11
What is 13 (base 5) in base 8?
10
What is 101001 (base 2) in base 8?
51
41 (base 9) to base 3
1101
Convert -25 (base 9) to base 8.
-27
11010 (base 2) to base 12
22
-55 (base 11) to base 4
-330
Convert c (base 15) to base 2.
1100
What is b (base 12) in base 14?
b
-71 (base 10) to bas